ors of (-4)/(-40)*3058 - 2/a.
2, 3, 17
Let s be (0 + -1)*(-4)/(8/(-30)). What are the prime factors of (-5)/(25/s) + 104?
107
Suppose 428 = 9*z - 5*z. Let p = z - 105. Suppose 311 = p*v - u, -u + 467 = 3*v - 3*u. What are the prime factors of v?
5, 31
Let o be (1 - (1 - 0)) + 0. Suppose -10*d = -o*d - 4140. What are the prime factors of d?
2, 3, 23
Let s = 10875 - 2552. List the prime factors of s.
7, 29, 41
Suppose 52 = 29*k - 33*k. Let c(s) = -s**2 - 14*s - 7. Let n be c(k). List the prime factors of 0 + 256/n + 10/(-15).
2, 3, 7
Suppose 180 = 5*c - 75. Let w = 2 - -2. Suppose 3 = -w*d + c. What are the prime factors of d?
2, 3
Let p(s) = 9*s - 42. Let f(y) = y**2 + 8*y - 8. Let r be f(-14). Suppose -8*h + r = -20. List the prime factors of p(h).
2, 3, 11
Let i(m) = -153*m + 22. Suppose 2*z + 5*p - 4 = -24, 5*z + 3*p = -31. List the prime factors of i(z).
787
Let b(n) be the third derivative of -4*n**4/3 - 164*n**3/3 - 154*n**2. List the prime factors of b(-36).
2, 103
Let s(o) be the second derivative of 7/2*o**3 + 12*o - 13/2*o**2 + 0 + 1/4*o**4. What are the prime factors of s(-10)?
7, 11
Let k(x) = 369*x + 2030. What are the prime factors of k(61)?
53, 463
Suppose 2*w + 3*j - 23 = 0, -j = -2*w + j + 28. Suppose 10*k = w*k - 600. What are the prime factors of k?
2, 5
Let d be (-4)/22 - (2 + 168/(-77)). Suppose -4*f + 1226 = 2*w, 4*w + 5*f = -d*w + 2443. What are the prime factors of w?
607
List the prime factors of ((-4580)/(-12))/((-315)/(-189)).
229
Suppose i = -53 + 55. What are the prime factors of i/((-10)/(-3595)) - 6?
23, 31
Let t(z) = 3268*z - 49. List the prime factors of t(3).
5, 1951
Let m = -920 + 2175. Suppose m = -10*z + 15*z. What are the prime factors of z?
251
Let f(r) = 1728*r - 30. Let z be f(-7). Let k = 3582 + z. What are the prime factors of k/(-60) - (-2)/(-5)?
2, 71
Let s be (-2)/(-9) + 52/9. Suppose s*j - 275 = j. Suppose 2*m - 165 = -5*b, -3*b - 3*m = -b - j. What are the prime factors of b?
5, 7
Let a = 216 + -211. Suppose 3*m = a*m - 3598. List the prime factors of m.
7, 257
Let m be ((-8)/(-48)*0)/2. What are the prime factors of 1670 - m - (12 - 6)?
2, 13
Let y(k) = 5*k**2 - 46*k - 8. Let r be y(10). Let o = 43 - r. Suppose 2*j - 16*d - 120 = -o*d, 3*j - 201 = -3*d. What are the prime factors of j?
5, 13
Let x be (-44)/6*3/(-4)*20. Suppose 3*k - 219 = -t, 3*t - 4*k - 832 = -x. List the prime factors of t.
2, 3, 13
Let t = -318 + 1306. Suppose 2*d - t = 186. What are the prime factors of d?
587
Suppose -2*z - 1236 = -4*v - 108, -4*v - 4*z = -1128. Suppose -5*s + 3*i = -1146 - 247, -4*i = -s + v. List the prime factors of s.
2, 139
Let u(l) = l**3 - 5*l**2 - l + 7. Let p be u(5). Let m(w) = -w**3 - 10 - 5*w**3 + 7*w**3 + 16*w**p + 20*w. What are the prime factors of m(-14)?
2, 3, 17
Let d(h) = -3*h + 118. Let g be 9492/(-308) + 2/(-11). List the prime factors of d(g).
211
Let y(b) = b - 12. Let l be y(16). Suppose -5*x - o - l = 0, -4*x + 3*o = -0*x - 12. List the prime factors of (x - 1)*18*(-25)/5.
2, 3, 5
Let w be (-8 - -8) + (-1 - 3). Let f(g) be the first derivative of -g**4/4 + g**3/3 + g**2/2 + 13*g - 23. List the prime factors of f(w).
89
List the prime factors of 0 + 34508/11 + (-30)/330.
3137
Suppose 5*s = 4*s + 32. Let f be 0 - -52 - ((-18)/(-3) + -3). Let t = f + s. What are the prime factors of t?
3
Let d = 144 - 139. Let y(u) = 37*u + 34. List the prime factors of y(d).
3, 73
Suppose -7543 = -m + 2020. What are the prime factors of m?
73, 131
Let t(x) = 9*x**2 + 11. Let l be t(-5). Suppose -4*m + l = -836. What are the prime factors of m?
2, 67
Suppose 7 + 14 = 3*d. Let p be (1*-1)/(((-28)/d)/32). List the prime factors of 100/p*(3 - (-2)/10).
2, 5
Let p(d) = 12*d**2 - 119*d + 1582. List the prime factors of p(16).
2, 5, 11
Let t be 9*(-5)/((-105)/(-119)). Suppose 0 = 4*r - 5*r - 3. What are the prime factors of t*(r + 20/12)?
2, 17
Suppose -5*i + 0*i + 15 = 0. Let x = -550 + 817. Suppose -x = -5*m + 3*z, -4*z + 1 = -i. List the prime factors of m.
2, 3
Let c be (-4)/(-9) - (-30888)/486. Suppose -c*d = 9*d - 79570. What are the prime factors of d?
2, 5, 109
Let k = -179 - -327. Let t = -80 + k. List the prime factors of t.
2, 17
Suppose -v - 3*v - r - 2231 = 0, 3*v + 1667 = -2*r. Let f = v - -1075. What are the prime factors of f?
2, 3, 43
Let l(c) be the second derivative of -3*c**2 + 0 - 1/4*c**4 - 1/20*c**5 + 4/3*c**3 - 21*c. List the prime factors of l(-7).
2, 67
Suppose 0 = 4*v - 5*v - 275. Let c = v - -565. What are the prime factors of c?
2, 5, 29
Suppose 2*z = -3*f - f + 10, -3*f = 2*z - 10. Suppose 5*c - 934 = -s - f*c, 2763 = 3*s + 2*c. What are the prime factors of s?
919
Let j(o) = o**3 + 10*o**2 - o + 6. Let r be j(-10). Let g = 9 + r. Suppose 85 = c - g. List the prime factors of c.
2, 5, 11
Let n(b) = -b**2 - 3*b - 29. Let k be n(0). Let a = 31 + k. Suppose -5 = -4*h - 1, -a*l + 182 = -4*h. List the prime factors of l.
3, 31
Suppose -3*h + 4*t = 17, -3*h + t = 3*t - 13. Let z be 0 + h - (12 - 16). Suppose -4*d - 4*p = -p - 805, -z*d + 4*p + 983 = 0. What are the prime factors of d?
199
Suppose -4*l - y - 1314 = -222, -5*y = 4*l + 1092. Let u = -1436 + 1252. Let w = u - l. What are the prime factors of w?
89
Suppose -5*p + l = -122 - 400, -2*p + 225 = 5*l. Suppose -2*a = -4*c + 92, 5*c - 4*a - p = a. Let m = c + -3. What are the prime factors of m?
2, 11
Let b(s) = s**2 - 21*s + 110. Let u be b(12). Suppose -2*r - r = 5*g - 625, 2*r - u*g - 406 = 0. List the prime factors of r.
5, 41
List the prime factors of -1763*((-213)/33 - 78/143).
7, 41, 43
Suppose 0 = 10*z - 5*z - 4020. Let s = -368 + z. Suppose -28 + s = 3*x. List the prime factors of x.
2, 17
Let o be 36/(-8)*56/3. What are the prime factors of (7/(o/(-256)))/((-3)/(-90))?
2, 5
Suppose a = 3*i - 42743, -11*a + 4 = -13*a. List the prime factors of i.
3, 1583
What are the prime factors of 11888/(-10)*(-230)/44 - 276/1518?
2, 13, 239
Suppose -3*a + 3*r + 288 + 3051 = 0, -2*r = a - 1110. What are the prime factors of a?
2, 139
Let u = -7672 + 33945. What are the prime factors of u?
13, 43, 47
Let s = 889 - 389. Suppose -2*i = -94 + s. List the prime factors of (i - -2)/3*(3 - 4).
67
Let v(n) be the first derivative of -239*n**2/2 + 51*n + 48. What are the prime factors of v(-3)?
2, 3
Let z be (60/(-9))/((-24)/6084). Suppose z - 11038 = -12*n. List the prime factors of n.
19, 41
Let u be 1*(0 - -69) - (-2 + 5). Suppose -4*m = -31*s + 34*s - 71, 0 = -3*s - 3*m + u. What are the prime factors of s?
17
Let l(x) = x**3 + 14*x - 3. Let f(r) = r**3 + 15*r - 2. Let o(s) = -6*f(s) + 5*l(s). List the prime factors of o(-6).
3, 37
Let j(q) = -q**3 - 10*q**2 - 17*q - 10. Let o be j(-8). What are the prime factors of -10 - o - (-2277)/3?
751
Suppose 4*n + g + 35 = 204, -3*n + 130 = 4*g. Suppose 0 = -31*j + 25*j - n. Let d(o) = o**3 + 9*o**2 - o + 1. What are the prime factors of d(j)?
2, 53
Suppose 0 = p - 3211 + 404. What are the prime factors of p?
7, 401
Let o(a) = 17*a**2 + 50*a - 38. List the prime factors of o(-16).
2, 7, 251
Let p be 42/112 + 20157/8. Suppose 5*f = y + 3158, y - 5*y - p = -4*f. What are the prime factors of f?
2, 79
Suppose -f + 3 = -3*d - 5, d - 4 = 0. Suppose 3*b + 2*b + 53 = -2*t, 4*b = 4*t - f. Let m(j) = -4*j - 19. What are the prime factors of m(b)?
17
Let b be 0/((-56)/(-7) - 2). Suppose -3*y + 3332 - 278 = b. What are the prime factors of y?
2, 509
Let i(c) = c**3 - 6*c**2 + 6*c + 1. Suppose 5*a - 4*u - 28 = a, a = -u - 3. Let s be i(a). What are the prime factors of 73/((s/12)/((-3)/12))?
73
Let v be 22 - 12/10*(-20)/(-12). Let z = 22 - v. Suppose 54 = 2*u - z*j - 2, -u = 4*j - 23. List the prime factors of u.
3
Let u be (-2)/8 - (-7)/(56/50). What are the prime factors of 264 - (-5 + 1 + u)?
2, 131
Suppose n = -3*n + 56. Suppose -4*p = -19*p. Suppose -x + n*x - 1950 = p. What are the prime factors of x?
2, 3, 5
Let p = 22787 + -21551. List the prime factors of p.
2, 3, 103
Suppose 4*y - 2*j + 3664 = -4*j, 2*j = y + 911. Let i = y - -1291. What are the prime factors of i?
2, 47
Let z = -39 - -21. Let l be ((10/15)/(-2))/((-2)/z). List the prime factors of 0 + l/24 + 2514/16.
157
Let a(x) = x**2 + 5*x - 16. Let j be a(2). List the prime factors of 432/j*(-18)/12.
2, 3
Let s(p) = 306*p**2 - 7*p - 6. Let q(